{"id":326,"date":"2018-09-05T21:58:49","date_gmt":"2018-09-05T19:58:49","guid":{"rendered":"http:\/\/2068lacompagnie.com\/?page_id=326"},"modified":"2026-03-10T13:52:07","modified_gmt":"2026-03-10T12:52:07","slug":"qui-sommes-nous","status":"publish","type":"page","link":"https:\/\/2068lacompagnie.com\/index.php\/qui-sommes-nous\/","title":{"rendered":"Qui sommes nous ?"},"content":{"rendered":"<p class=\"font-body weight-100\" style=\"text-align: left;\">2068 la Compagnie, fond\u00e9e en septembre 2016 a pour objet la cr\u00e9ation et la promotion des arts et de la culture : Lecture, danse, th\u00e9\u00e2tre, musique, arts plastiques, performance et laboratoire d\u2019id\u00e9es.\u00a0<\/p>\n<p class=\"font-body weight-100\" style=\"text-align: left;\">Depuis 10 ans, \u00ab\u00a02068, la Compagnie\u00a0\u00bb d\u00e9veloppe une importante production artistique dans tous les champs de l\u2019art, un laboratoire de formes les plus diverses.<\/p>\n<p class=\"font-body weight-100\" style=\"text-align: left;\">\u00ab 2068 la Compagnie \u00bb cr\u00e9e et dirige le festival \u00a0\u00bb les pr\u00e9ambules de Rochefort du Gard \u00a0\u00bb qui, f\u00e9d\u00e8re de nombreux artistes d\u2019ici et d\u2019ailleurs et qui \u0153uvrent dans un esprit collectif. Collectif\u00a0 impuls\u00e9 et coordonn\u00e9 par Christiane Olivier et toute son \u00e9quipe.<\/p>\n<p class=\"font-body weight-100\" style=\"text-align: left;\">2068 la Compagnie pr\u00e9sente aussi des spectacles toute au long de l&rsquo;ann\u00e9e.<\/p>\n<p>Apr\u00e8s avoir r\u00e9uni plus de 90 artistes et b\u00e9n\u00e9voles et accueilli 2000 visiteurs sur 3 jours\u00a0 \u00e0 Rochefort du Gard\u00a0 pendant le festival des Pr\u00e9ambules ,\u00a0 2068 la Compagnie repart pour une 7 e \u00e9dition !<\/p>\n<p><b>Les Pr\u00e9ambules de Rochefort du Gard cela repr\u00e9sente :\u00a0<\/b><\/p>\n<ul>\n<li style=\"font-weight: 400;\"><span style=\"font-weight: 400;\">&#8211; 33 repr\u00e9sentations avec &#8211; 6 spectacles de th\u00e9\u00e2tre,\u00a0&#8211; 2 spectacles jeune public, &#8211; 5 de danse, &#8211; 5 concerts, &#8211; 2 ateliers ouverts au public.<\/span><\/li>\n<li style=\"font-weight: 400;\"><span style=\"font-weight: 400;\">&#8211; 2 visites guid\u00e9es th\u00e9\u00e2tralis\u00e9es &#8211; 1 exposition hors les murs d&rsquo;un mois\u00a0 et &#8211; 1 bal populaire impliquant 73 artistes invit\u00e9s, 5 organisateurs, et une vingtaine de b\u00e9n\u00e9voles, qui\u00a0<\/span><span style=\"font-weight: 400;\">ont drain\u00e9 presque 2000 spectateurs de tous \u00e2ges, en famille souvent ; des petits enfants aux grands parents r\u00e9unis pour l&rsquo;occasion, avec une implication fortes de la part des commer\u00e7ants et des restaurateurs qui ont su jouer le jeu en adaptant leur menus, en am\u00e9nageant leurs terrasses.<\/span><\/li>\n<\/ul>\n\n\n<figure class=\"wp-block-image\"><img loading=\"lazy\" decoding=\"async\" width=\"685\" height=\"960\" src=\"https:\/\/2068lacompagnie.com\/wp-content\/uploads\/2018\/08\/36318984_10214897869913886_623818758221201408_n.jpg\" alt=\"Macha Daudel danse Humanimal, Castelas , Rochefort du Gard  juin 2018\" class=\"wp-image-279\" srcset=\"https:\/\/2068lacompagnie.com\/wp-content\/uploads\/2018\/08\/36318984_10214897869913886_623818758221201408_n.jpg 685w, https:\/\/2068lacompagnie.com\/wp-content\/uploads\/2018\/08\/36318984_10214897869913886_623818758221201408_n-214x300.jpg 214w, https:\/\/2068lacompagnie.com\/wp-content\/uploads\/2018\/08\/36318984_10214897869913886_623818758221201408_n-600x841.jpg 600w\" sizes=\"(max-width: 685px) 100vw, 685px\" \/><figcaption class=\"wp-element-caption\">Macha Daudel danse Humanimal, cr\u00e9ation M.Daudel \/ Sarah.O.  Castelas juin 2018<\/figcaption><\/figure>\n","protected":false},"excerpt":{"rendered":"<div class=\"entry-summary\">\n2068 la Compagnie, fond\u00e9e en septembre 2016 a pour objet la cr\u00e9ation et la promotion des arts et de la&hellip;\n<\/div>\n<div class=\"link-more\"><a href=\"https:\/\/2068lacompagnie.com\/index.php\/qui-sommes-nous\/\" class=\"more-link\">Continue reading<span class=\"screen-reader-text\"> &ldquo;Qui sommes nous ?&rdquo;<\/span>&hellip;<\/a><\/div>\n","protected":false},"author":1,"featured_media":0,"parent":0,"menu_order":0,"comment_status":"closed","ping_status":"closed","template":"","meta":{"spay_email":"","footnotes":""},"_links":{"self":[{"href":"https:\/\/2068lacompagnie.com\/index.php\/wp-json\/wp\/v2\/pages\/326"}],"collection":[{"href":"https:\/\/2068lacompagnie.com\/index.php\/wp-json\/wp\/v2\/pages"}],"about":[{"href":"https:\/\/2068lacompagnie.com\/index.php\/wp-json\/wp\/v2\/types\/page"}],"author":[{"embeddable":true,"href":"https:\/\/2068lacompagnie.com\/index.php\/wp-json\/wp\/v2\/users\/1"}],"replies":[{"embeddable":true,"href":"https:\/\/2068lacompagnie.com\/index.php\/wp-json\/wp\/v2\/comments?post=326"}],"version-history":[{"count":23,"href":"https:\/\/2068lacompagnie.com\/index.php\/wp-json\/wp\/v2\/pages\/326\/revisions"}],"predecessor-version":[{"id":1565,"href":"https:\/\/2068lacompagnie.com\/index.php\/wp-json\/wp\/v2\/pages\/326\/revisions\/1565"}],"wp:attachment":[{"href":"https:\/\/2068lacompagnie.com\/index.php\/wp-json\/wp\/v2\/media?parent=326"}],"curies":[{"name":"wp","href":"https:\/\/api.w.org\/{rel}","templated":true}]}}